{"id":700,"date":"2024-02-13T15:26:11","date_gmt":"2024-02-13T14:26:11","guid":{"rendered":"http:\/\/orcivalmusic.com\/stagingsitestest\/?page_id=700"},"modified":"2026-01-29T15:24:08","modified_gmt":"2026-01-29T14:24:08","slug":"actus-2","status":"publish","type":"page","link":"https:\/\/orcivalmusic.com\/index.php\/actus-2\/","title":{"rendered":"ACTUS"},"content":{"rendered":"\n<p>\u00ab\u00a0Orcival est un original qui d\u00e9ambule sur des chemins peu fr\u00e9quent\u00e9s et pourtant riches en \u00e9tonnements et en d\u00e9couvertes.\u00a0\u00bb  <strong> Intramuros Eric Romera<\/strong><\/p>\n\n\n\n<p>\u00ab\u00a0Cette multitude d\u2019univers reste coh\u00e9rente et c\u2019est l\u00e0 toute la force d\u2019Orcival qui nous embarque dans un voyage musical color\u00e9, \u00e0 la conqu\u00eate d\u2019une nature r\u00eaveuse.\u00a0\u00bb <strong>Webzine Opus R\u00e9my Sirieix<\/strong><\/p>\n\n\n\n<p>\u00ab Un artiste hyper-talentueux qui a su s\u2019entourer d\u2019une bande d\u2019invit\u00e9(e)s absolument<br>remarquables. \u00bb <strong>Michel CASTRO. Intramuros n\u00b0456<\/strong><\/p>\n\n\n\n<p><strong>Orcival <\/strong>vous livre un concert d\u2019une heure et demi d\u2019un <em>road trip <\/em>multiforme. Chauss\u00e9 de ses rythmiques aux pieds et harnach\u00e9 de ses diff\u00e9rentes guitares, il vous emm\u00e8ne sur les routes d\u2019une musique du monde relocalis\u00e9e, vous faisant danser sur un air breton des <strong>Pyr\u00e9n\u00e9es Ari\u00e9geoises <\/strong>ou une <strong>gigue des Highlands de l\u2019Aubrac <\/strong>ou encore distillant son <strong>folk Australien des d\u00e9serts des Landes de Gascogne<\/strong>.  Avec des textes engag\u00e9s et sensibles. De quoi frissonner et danser !<\/p>\n\n\n\n<p>Il pr\u00e9sentera son nouveau disque <strong>\u00ab\u00a0Monde en Pixels<\/strong>\u00a0\u00bb en 2026. La sortie d&rsquo;album se fera \u00e0 l&rsquo;<strong>Espace JOB <\/strong>le <strong>26 Mars 2026<\/strong>, avec <strong>Alex Sauvion<\/strong> batterie\/percussions, <strong>Estelle Besingrand<\/strong> au violoncelle et <strong>Camille Antona <\/strong>au violon! Save the date!!! <\/p>\n\n\n\n<p><strong>R\u00e9servez ici!!!<\/strong>  <a href=\"https:\/\/centresculturels.toulouse.fr\/selection\/event\/date?lang=fr&amp;productId=10229420173564\">https:\/\/centresculturels.toulouse.fr\/selection\/event\/date?lang=fr&amp;productId=10229420173564<\/a><\/p>\n\n\n\n<p> Un album tout en Fran\u00e7ais gr\u00e2ce \u00e0 plusieurs stages de travail avec <strong>Voix du Sud<\/strong> \u00e0 Astafford et la collaboration sur 2 textes avec J\u00e9r\u00f4me Pinel. <\/p>\n\n\n\n<div style=\"height:10px\" aria-hidden=\"true\" class=\"wp-block-spacer\"><\/div>\n\n\n\n<div class=\"wp-block-columns is-layout-flex wp-container-core-columns-is-layout-28f84493 wp-block-columns-is-layout-flex\">\n<div class=\"wp-block-column is-layout-flow wp-block-column-is-layout-flow\">\n<figure class=\"wp-block-image size-full is-resized\"><a href=\"https:\/\/orcival.bandcamp.com\/album\/monde-en-pixels\"><img loading=\"lazy\" decoding=\"async\" width=\"700\" height=\"700\" src=\"https:\/\/orcivalmusic.com\/wp-content\/uploads\/2024\/10\/pochette-Monde-en-pixel.jpg\" alt=\"Pochette Monde en pixels\" class=\"wp-image-1002\" style=\"width:273px;height:auto\" srcset=\"https:\/\/orcivalmusic.com\/wp-content\/uploads\/2024\/10\/pochette-Monde-en-pixel.jpg 700w, https:\/\/orcivalmusic.com\/wp-content\/uploads\/2024\/10\/pochette-Monde-en-pixel-300x300.jpg 300w, https:\/\/orcivalmusic.com\/wp-content\/uploads\/2024\/10\/pochette-Monde-en-pixel-150x150.jpg 150w\" sizes=\"auto, (max-width: 700px) 100vw, 700px\" \/><\/a><\/figure>\n\n\n\n<h2 class=\"wp-block-heading has-text-align-center\">Monde en pixels<\/h2>\n\n\n\n<h3 class=\"wp-block-heading has-text-align-center\">Nouvel EP<\/h3>\n\n\n\n<div class=\"wp-block-buttons is-content-justification-center is-layout-flex wp-container-core-buttons-is-layout-a89b3969 wp-block-buttons-is-layout-flex\">\n<div class=\"wp-block-button has-custom-width wp-block-button__width-75\"><a class=\"wp-block-button__link wp-element-button\" href=\"https:\/\/orcival.bandcamp.com\/album\/monde-en-pixels\">\u00c9couter<\/a><\/div>\n<\/div>\n<\/div>\n\n\n\n<div class=\"wp-block-column is-layout-flow wp-block-column-is-layout-flow\">\n<figure class=\"wp-block-image size-full is-resized\"><img loading=\"lazy\" decoding=\"async\" width=\"1080\" height=\"1080\" src=\"https:\/\/orcivalmusic.com\/wp-content\/uploads\/2025\/03\/Orcival-duo-marion-2.jpeg\" alt=\"\" class=\"wp-image-1114\" style=\"width:278px;height:auto\" srcset=\"https:\/\/orcivalmusic.com\/wp-content\/uploads\/2025\/03\/Orcival-duo-marion-2.jpeg 1080w, https:\/\/orcivalmusic.com\/wp-content\/uploads\/2025\/03\/Orcival-duo-marion-2-300x300.jpeg 300w, https:\/\/orcivalmusic.com\/wp-content\/uploads\/2025\/03\/Orcival-duo-marion-2-1024x1024.jpeg 1024w, https:\/\/orcivalmusic.com\/wp-content\/uploads\/2025\/03\/Orcival-duo-marion-2-150x150.jpeg 150w, https:\/\/orcivalmusic.com\/wp-content\/uploads\/2025\/03\/Orcival-duo-marion-2-768x768.jpeg 768w\" sizes=\"auto, (max-width: 1080px) 100vw, 1080px\" \/><\/figure>\n\n\n\n<h2 class=\"wp-block-heading has-text-align-center\">Orcival duo<\/h2>\n\n\n\n<h3 class=\"wp-block-heading has-text-align-center\">Nouvelles vid\u00e9os<\/h3>\n\n\n\n<div class=\"wp-block-buttons is-content-justification-center is-layout-flex wp-container-core-buttons-is-layout-a89b3969 wp-block-buttons-is-layout-flex\">\n<div class=\"wp-block-button has-custom-width wp-block-button__width-75 is-style-fill\"><a class=\"wp-block-button__link wp-element-button\" href=\"https:\/\/orcivalmusic.com\/index.php\/2024\/02\/13\/orcival-duo\/\" target=\"_blank\" rel=\"noreferrer noopener\">Voir<\/a><\/div>\n<\/div>\n<\/div>\n\n\n\n<div class=\"wp-block-column is-vertically-aligned-top is-layout-flow wp-block-column-is-layout-flow\">\n<figure class=\"wp-block-image size-large\"><a href=\"https:\/\/orcivalmusic.com\/index.php\/2024\/02\/14\/time-is-coming\/\"><img loading=\"lazy\" decoding=\"async\" width=\"1476\" height=\"1476\" src=\"https:\/\/orcivalmusic.com\/wp-content\/uploads\/2024\/02\/ORCIVAL_Visuel-CD-edited.jpg\" alt=\"\" class=\"wp-image-703\" srcset=\"https:\/\/orcivalmusic.com\/wp-content\/uploads\/2024\/02\/ORCIVAL_Visuel-CD-edited.jpg 1476w, https:\/\/orcivalmusic.com\/wp-content\/uploads\/2024\/02\/ORCIVAL_Visuel-CD-edited-300x300.jpg 300w, https:\/\/orcivalmusic.com\/wp-content\/uploads\/2024\/02\/ORCIVAL_Visuel-CD-edited-1024x1024.jpg 1024w, https:\/\/orcivalmusic.com\/wp-content\/uploads\/2024\/02\/ORCIVAL_Visuel-CD-edited-150x150.jpg 150w, https:\/\/orcivalmusic.com\/wp-content\/uploads\/2024\/02\/ORCIVAL_Visuel-CD-edited-768x768.jpg 768w\" sizes=\"auto, (max-width: 1476px) 100vw, 1476px\" \/><\/a><\/figure>\n\n\n\n<h2 class=\"wp-block-heading has-text-align-center\">Time is coming<\/h2>\n\n\n\n<h3 class=\"wp-block-heading has-text-align-center\">CD &#8211; Num\u00e9rique<\/h3>\n\n\n\n<div class=\"wp-block-buttons is-content-justification-center is-layout-flex wp-container-core-buttons-is-layout-a89b3969 wp-block-buttons-is-layout-flex\">\n<div class=\"wp-block-button has-custom-width wp-block-button__width-75\"><a class=\"wp-block-button__link wp-element-button\" href=\"https:\/\/orcivalmusic.com\/index.php\/2024\/02\/14\/time-is-coming\/\">Plus d&rsquo;infos<\/a><\/div>\n<\/div>\n<\/div>\n<\/div>\n","protected":false},"excerpt":{"rendered":"<p>\u00ab\u00a0Orcival est un original qui d\u00e9ambule sur des chemins peu fr\u00e9quent\u00e9s et pourtant riches en \u00e9tonnements et en d\u00e9couvertes.\u00a0\u00bb Intramuros Eric Romera \u00ab\u00a0Cette multitude d\u2019univers reste coh\u00e9rente et c\u2019est l\u00e0 toute la force d\u2019Orcival qui nous embarque dans un voyage musical color\u00e9, \u00e0 la conqu\u00eate d\u2019une nature r\u00eaveuse.\u00a0\u00bb Webzine Opus [&hellip;]<\/p>\n","protected":false},"author":1,"featured_media":448,"parent":0,"menu_order":0,"comment_status":"closed","ping_status":"closed","template":"","meta":{"footnotes":""},"class_list":["post-700","page","type-page","status-publish","has-post-thumbnail","hentry"],"yoast_head":"<!-- This site is optimized with the Yoast SEO plugin v24.6 - https:\/\/yoast.com\/wordpress\/plugins\/seo\/ -->\n<title>ACTUS - ORCIVAL<\/title>\n<meta name=\"robots\" content=\"index, follow, max-snippet:-1, max-image-preview:large, max-video-preview:-1\" \/>\n<link rel=\"canonical\" href=\"https:\/\/orcivalmusic.com\/index.php\/actus-2\/\" \/>\n<meta property=\"og:locale\" content=\"fr_FR\" \/>\n<meta property=\"og:type\" content=\"article\" \/>\n<meta property=\"og:title\" content=\"ACTUS - ORCIVAL\" \/>\n<meta property=\"og:description\" content=\"\u00ab\u00a0Orcival est un original qui d\u00e9ambule sur des chemins peu fr\u00e9quent\u00e9s et pourtant riches en \u00e9tonnements et en d\u00e9couvertes.\u00a0\u00bb Intramuros Eric Romera \u00ab\u00a0Cette multitude d\u2019univers reste coh\u00e9rente et c\u2019est l\u00e0 toute la force d\u2019Orcival qui nous embarque dans un voyage musical color\u00e9, \u00e0 la conqu\u00eate d\u2019une nature r\u00eaveuse.\u00a0\u00bb Webzine Opus [&hellip;]\" \/>\n<meta property=\"og:url\" content=\"https:\/\/orcivalmusic.com\/index.php\/actus-2\/\" \/>\n<meta property=\"og:site_name\" content=\"ORCIVAL\" \/>\n<meta property=\"article:publisher\" content=\"https:\/\/www.facebook.com\/orcivalmusic\/\" \/>\n<meta property=\"article:modified_time\" content=\"2026-01-29T14:24:08+00:00\" \/>\n<meta property=\"og:image\" content=\"https:\/\/orcivalmusic.com\/wp-content\/uploads\/2021\/04\/image.png\" \/>\n\t<meta property=\"og:image:width\" content=\"810\" \/>\n\t<meta property=\"og:image:height\" content=\"1080\" \/>\n\t<meta property=\"og:image:type\" content=\"image\/png\" \/>\n<meta name=\"twitter:card\" content=\"summary_large_image\" \/>\n<meta name=\"twitter:label1\" content=\"Dur\u00e9e de lecture estim\u00e9e\" \/>\n\t<meta name=\"twitter:data1\" content=\"2 minutes\" \/>\n<script type=\"application\/ld+json\" class=\"yoast-schema-graph\">{\"@context\":\"https:\/\/schema.org\",\"@graph\":[{\"@type\":\"WebPage\",\"@id\":\"https:\/\/orcivalmusic.com\/index.php\/actus-2\/\",\"url\":\"https:\/\/orcivalmusic.com\/index.php\/actus-2\/\",\"name\":\"ACTUS - ORCIVAL\",\"isPartOf\":{\"@id\":\"https:\/\/orcivalmusic.com\/#website\"},\"primaryImageOfPage\":{\"@id\":\"https:\/\/orcivalmusic.com\/index.php\/actus-2\/#primaryimage\"},\"image\":{\"@id\":\"https:\/\/orcivalmusic.com\/index.php\/actus-2\/#primaryimage\"},\"thumbnailUrl\":\"https:\/\/orcivalmusic.com\/wp-content\/uploads\/2021\/04\/image.png\",\"datePublished\":\"2024-02-13T14:26:11+00:00\",\"dateModified\":\"2026-01-29T14:24:08+00:00\",\"breadcrumb\":{\"@id\":\"https:\/\/orcivalmusic.com\/index.php\/actus-2\/#breadcrumb\"},\"inLanguage\":\"fr-FR\",\"potentialAction\":[{\"@type\":\"ReadAction\",\"target\":[\"https:\/\/orcivalmusic.com\/index.php\/actus-2\/\"]}]},{\"@type\":\"ImageObject\",\"inLanguage\":\"fr-FR\",\"@id\":\"https:\/\/orcivalmusic.com\/index.php\/actus-2\/#primaryimage\",\"url\":\"https:\/\/orcivalmusic.com\/wp-content\/uploads\/2021\/04\/image.png\",\"contentUrl\":\"https:\/\/orcivalmusic.com\/wp-content\/uploads\/2021\/04\/image.png\",\"width\":810,\"height\":1080},{\"@type\":\"BreadcrumbList\",\"@id\":\"https:\/\/orcivalmusic.com\/index.php\/actus-2\/#breadcrumb\",\"itemListElement\":[{\"@type\":\"ListItem\",\"position\":1,\"name\":\"Accueil\",\"item\":\"https:\/\/orcivalmusic.com\/\"},{\"@type\":\"ListItem\",\"position\":2,\"name\":\"ACTUS\"}]},{\"@type\":\"WebSite\",\"@id\":\"https:\/\/orcivalmusic.com\/#website\",\"url\":\"https:\/\/orcivalmusic.com\/\",\"name\":\"ORCIVAL\",\"description\":\"Folk world des grands espaces\",\"publisher\":{\"@id\":\"https:\/\/orcivalmusic.com\/#\/schema\/person\/105532748ff7caabc5e4ad4d0df1ae7d\"},\"potentialAction\":[{\"@type\":\"SearchAction\",\"target\":{\"@type\":\"EntryPoint\",\"urlTemplate\":\"https:\/\/orcivalmusic.com\/?s={search_term_string}\"},\"query-input\":{\"@type\":\"PropertyValueSpecification\",\"valueRequired\":true,\"valueName\":\"search_term_string\"}}],\"inLanguage\":\"fr-FR\"},{\"@type\":[\"Person\",\"Organization\"],\"@id\":\"https:\/\/orcivalmusic.com\/#\/schema\/person\/105532748ff7caabc5e4ad4d0df1ae7d\",\"name\":\"julien\",\"image\":{\"@type\":\"ImageObject\",\"inLanguage\":\"fr-FR\",\"@id\":\"https:\/\/orcivalmusic.com\/#\/schema\/person\/image\/\",\"url\":\"https:\/\/orcivalmusic.com\/wp-content\/uploads\/2024\/02\/Tampon-transparent.png\",\"contentUrl\":\"https:\/\/orcivalmusic.com\/wp-content\/uploads\/2024\/02\/Tampon-transparent.png\",\"width\":5788,\"height\":1536,\"caption\":\"julien\"},\"logo\":{\"@id\":\"https:\/\/orcivalmusic.com\/#\/schema\/person\/image\/\"},\"sameAs\":[\"https:\/\/orcivalmusic.com\/\",\"https:\/\/www.facebook.com\/orcivalmusic\/\",\"https:\/\/www.instagram.com\/orcival_music\/\",\"https:\/\/www.youtube.com\/@orcival4550\"]}]}<\/script>\n<!-- \/ Yoast SEO plugin. -->","yoast_head_json":{"title":"ACTUS - ORCIVAL","robots":{"index":"index","follow":"follow","max-snippet":"max-snippet:-1","max-image-preview":"max-image-preview:large","max-video-preview":"max-video-preview:-1"},"canonical":"https:\/\/orcivalmusic.com\/index.php\/actus-2\/","og_locale":"fr_FR","og_type":"article","og_title":"ACTUS - ORCIVAL","og_description":"\u00ab\u00a0Orcival est un original qui d\u00e9ambule sur des chemins peu fr\u00e9quent\u00e9s et pourtant riches en \u00e9tonnements et en d\u00e9couvertes.\u00a0\u00bb Intramuros Eric Romera \u00ab\u00a0Cette multitude d\u2019univers reste coh\u00e9rente et c\u2019est l\u00e0 toute la force d\u2019Orcival qui nous embarque dans un voyage musical color\u00e9, \u00e0 la conqu\u00eate d\u2019une nature r\u00eaveuse.\u00a0\u00bb Webzine Opus [&hellip;]","og_url":"https:\/\/orcivalmusic.com\/index.php\/actus-2\/","og_site_name":"ORCIVAL","article_publisher":"https:\/\/www.facebook.com\/orcivalmusic\/","article_modified_time":"2026-01-29T14:24:08+00:00","og_image":[{"width":810,"height":1080,"url":"https:\/\/orcivalmusic.com\/wp-content\/uploads\/2021\/04\/image.png","type":"image\/png"}],"twitter_card":"summary_large_image","twitter_misc":{"Dur\u00e9e de lecture estim\u00e9e":"2 minutes"},"schema":{"@context":"https:\/\/schema.org","@graph":[{"@type":"WebPage","@id":"https:\/\/orcivalmusic.com\/index.php\/actus-2\/","url":"https:\/\/orcivalmusic.com\/index.php\/actus-2\/","name":"ACTUS - ORCIVAL","isPartOf":{"@id":"https:\/\/orcivalmusic.com\/#website"},"primaryImageOfPage":{"@id":"https:\/\/orcivalmusic.com\/index.php\/actus-2\/#primaryimage"},"image":{"@id":"https:\/\/orcivalmusic.com\/index.php\/actus-2\/#primaryimage"},"thumbnailUrl":"https:\/\/orcivalmusic.com\/wp-content\/uploads\/2021\/04\/image.png","datePublished":"2024-02-13T14:26:11+00:00","dateModified":"2026-01-29T14:24:08+00:00","breadcrumb":{"@id":"https:\/\/orcivalmusic.com\/index.php\/actus-2\/#breadcrumb"},"inLanguage":"fr-FR","potentialAction":[{"@type":"ReadAction","target":["https:\/\/orcivalmusic.com\/index.php\/actus-2\/"]}]},{"@type":"ImageObject","inLanguage":"fr-FR","@id":"https:\/\/orcivalmusic.com\/index.php\/actus-2\/#primaryimage","url":"https:\/\/orcivalmusic.com\/wp-content\/uploads\/2021\/04\/image.png","contentUrl":"https:\/\/orcivalmusic.com\/wp-content\/uploads\/2021\/04\/image.png","width":810,"height":1080},{"@type":"BreadcrumbList","@id":"https:\/\/orcivalmusic.com\/index.php\/actus-2\/#breadcrumb","itemListElement":[{"@type":"ListItem","position":1,"name":"Accueil","item":"https:\/\/orcivalmusic.com\/"},{"@type":"ListItem","position":2,"name":"ACTUS"}]},{"@type":"WebSite","@id":"https:\/\/orcivalmusic.com\/#website","url":"https:\/\/orcivalmusic.com\/","name":"ORCIVAL","description":"Folk world des grands espaces","publisher":{"@id":"https:\/\/orcivalmusic.com\/#\/schema\/person\/105532748ff7caabc5e4ad4d0df1ae7d"},"potentialAction":[{"@type":"SearchAction","target":{"@type":"EntryPoint","urlTemplate":"https:\/\/orcivalmusic.com\/?s={search_term_string}"},"query-input":{"@type":"PropertyValueSpecification","valueRequired":true,"valueName":"search_term_string"}}],"inLanguage":"fr-FR"},{"@type":["Person","Organization"],"@id":"https:\/\/orcivalmusic.com\/#\/schema\/person\/105532748ff7caabc5e4ad4d0df1ae7d","name":"julien","image":{"@type":"ImageObject","inLanguage":"fr-FR","@id":"https:\/\/orcivalmusic.com\/#\/schema\/person\/image\/","url":"https:\/\/orcivalmusic.com\/wp-content\/uploads\/2024\/02\/Tampon-transparent.png","contentUrl":"https:\/\/orcivalmusic.com\/wp-content\/uploads\/2024\/02\/Tampon-transparent.png","width":5788,"height":1536,"caption":"julien"},"logo":{"@id":"https:\/\/orcivalmusic.com\/#\/schema\/person\/image\/"},"sameAs":["https:\/\/orcivalmusic.com\/","https:\/\/www.facebook.com\/orcivalmusic\/","https:\/\/www.instagram.com\/orcival_music\/","https:\/\/www.youtube.com\/@orcival4550"]}]}},"_links":{"self":[{"href":"https:\/\/orcivalmusic.com\/index.php\/wp-json\/wp\/v2\/pages\/700","targetHints":{"allow":["GET"]}}],"collection":[{"href":"https:\/\/orcivalmusic.com\/index.php\/wp-json\/wp\/v2\/pages"}],"about":[{"href":"https:\/\/orcivalmusic.com\/index.php\/wp-json\/wp\/v2\/types\/page"}],"author":[{"embeddable":true,"href":"https:\/\/orcivalmusic.com\/index.php\/wp-json\/wp\/v2\/users\/1"}],"replies":[{"embeddable":true,"href":"https:\/\/orcivalmusic.com\/index.php\/wp-json\/wp\/v2\/comments?post=700"}],"version-history":[{"count":22,"href":"https:\/\/orcivalmusic.com\/index.php\/wp-json\/wp\/v2\/pages\/700\/revisions"}],"predecessor-version":[{"id":1176,"href":"https:\/\/orcivalmusic.com\/index.php\/wp-json\/wp\/v2\/pages\/700\/revisions\/1176"}],"wp:featuredmedia":[{"embeddable":true,"href":"https:\/\/orcivalmusic.com\/index.php\/wp-json\/wp\/v2\/media\/448"}],"wp:attachment":[{"href":"https:\/\/orcivalmusic.com\/index.php\/wp-json\/wp\/v2\/media?parent=700"}],"curies":[{"name":"wp","href":"https:\/\/api.w.org\/{rel}","templated":true}]}}